?
12
-1 - 6 - ((8 - 3) + 12) - -4
-20
What is the value of -33 + 1 + (-4 - 1) + (28 - 23)?
-32
What is (-9 - (-12 - (-7 + 2))) + -1 + -2?
-5
What is the value of -11 - (9 - -4) - -7?
-17
(-43 + 24 - -11) + (9 - 0)
1
What is the value of 15 - 0 - ((-11 + 1 - 3) + 17)?
11
What is 6 + 33 + -8 + 16 + -11?
36
Evaluate (-121 - -108) + 14 + (4 - 2).
3
Calculate 35 + -49 - (0 - 25).
11
Calculate -20 - -4 - (6 + -1 + (4 - 9)).
-16
Calculate (1 - 2 - (89 + -90)) + 2.
2
6 + -31 + -4 + 30
1
What is the value of (1 - 7) + (220 - 213)?
1
What is 29 + -30 - (6 + 0)?
-7
Evaluate 17 - (-14 + 13 - 14) - 5.
27
Calculate (7 - 19 - -19) + -3.
4
Calculate (-3 - (9 - 24) - 2) + -30.
-20
7 - 4 - 0 - (5 + -6 - 1)
5
What is the value of (13 - -8) + -17 + (0 - (2 + 12))?
-10
Evaluate (2 - -5) + 0 - (5 + 2) - -3.
3
22 + (0 - 13) + 0
9
What is (7 - -7) + -5 - 2 - (-3 + 3)?
7
Evaluate -24 - (38 + -30 - 27).
-5
What is the value of (-36 - -20) + 4 + (1 - -1) - -2?
-8
What is (-3 - -2) + (11 - 16) + 6 - 1?
-1
Calculate 22 - (-33 + 23 + 25).
7
What is the value of -1 - (-3 - (2 + -16))?
-12
Calculate 21 - (7 - (2 - (12 + -11))).
15
What is (11 + -3 - -6) + (-19 - -33 - 14)?
14
What is 2 + (3 - (5 + 2) - (38 + -32))?
-8
What is -23 + 58 - 40 - (-2 - -5 - 0)?
-8
Evaluate 0 + 14 - (-22 - -10 - -22).
4
What is 5 + 3 - (-7 - (4 + -1 + -4))?
14
-1 + 13 + 13 + -32
-7
5 + 1 - (12 + (-19 - 1) + 6)
8
Evaluate (17 - (31 + -17) - (3 - 5)) + -22.
-17
Evaluate (-9 - -5 - -18) + -15.
-1
1 - 19 - (-7 + (-17 - (-7 - 19)))
-20
What is -3 - (4 + 5 + -13)?
1
Calculate -7 - (14 + (4 + -12 - 10)).
-3
(1 - 1) + 6 - -10
16
Calculate -18 + (11 - (-8 + (-8 - -24))).
-15
Evaluate 3 + -4 + -12 - -8.
-5
-33 + 1 + 17 + -3
-18
What is the value of 0 - ((3 - 24) + -7)?
28
What is (3 - (2 + -7)) + (6 - 4)?
10
Evaluate (-6 - -13) + 9 + 4.
20
24 + (-19 - (13 - 21))
13
Calculate 5 + (97 + -96 - (2 - (-2 + 1))).
3
What is -5 + 2 + 9 - (55 + -43)?
-6
(22 - 5) + 11 + -21
7
What is 1 - -2 - (-5 + (18 - 6))?
-4
Evaluate (-6 - -12) + -25 + 18.
-1
41 + -19 + (-12 - (9 - 22))
23
What is -5 + (8 - (4 + (4 - 7))) + -9?
-7
Evaluate 29 + -24 + -16 + 32 + 0.
21
(3 - ((-13 - -11) + 5)) + (6 - 1)
5
What is the value of 0 - (-8 - (-40 - -34))?
2
What is the value of -13 + (-3 - -13) + 40 + -31?
6
What is the value of 11 + 2 - (-60 - -78)?
-5
Evaluate -2 - (-10 + 10 + (11 - 17)).
4
19 - (6 + -4 + 12)
5
What is the value of 102 + -107 - ((-3 - 4) + 14)?
-12
Evaluate 44 - (-13 - -38 - 2).
21
What is 103 + -89 - (8 + -1) - (0 - -18)?
-11
What is the value of 11 - (-9 + 15) - (6 + 2)?
-3
-8 + 0 + 12 + -1 - (4 - -1)
-2
What is 5 - (3 - (7 + -4)) - -9?
14
What is the value of 33 + -35 + 9 - (4 + 1)?
2
What is -17 - (-10 - (11 + -8))?
-4
111 + -74 + 45 - 44
38
Calculate -8 + 9 + (-1 + -3 - 1) - 8.
-12
What is the value of ((4 - (-4 - 0)) + -6 - -2) + 7?
11
Calculate (18 - 23) + 33 - 17.
11
3 - (0 + 7 + (-11 - (13 + 12)))
32
What is -8 + 0 + (10 - -3 - -12) + 4?
21
Evaluate -19 + 8 + 16 + 9 - (6 - 1).
9
What is 32 + (-3 - 7) + -45?
-23
What is the value of -38 + 2 - (290 - 298)?
-28
-7 + (14 - -16) - 39
-16
What is the value of -13 - ((12 - (-8 + 23)) + (2 - -1))?
-13
-30 + 28 + 2 + -12
-12
Evaluate 7 + (-7 - 0) + -184 + 187.
3
-6 - (4 + 1 + -16 - 3)
8
15 + -17 + 3 + -4
-3
What is 0 - 10 - 2 - ((16 - -2) + -23)?
-7
Calculate (148 - 154) + (0 - -12).
6
-1 + (10 - 0) - (-46 - (15 - 57))
13
(15 - 22 - 3) + 19
9
18 - (-7 + 13 + 26)
-14
What is the value of -8 + -11 + (-5 + 0 - -10)?
-14
Calculate (2 + 2 - (11 + (-3 - 1))) + 19.
16
(-1 + 2 - 1) + (208 - 214)
-6
Calculate 76 + -83 + 43 + -4.
32
3 + 13 + 15 + (8 - 19)
20
Calculate (55 - (27 - -10)) + 15.
33
Evaluate 172 + -156 - (13 + -1).
4
37 + -41 + -7 - (19 - 0)
-30
What is the value of (-19 - -7) + 21 - (-2 - 0)?
11
What is (-12 - (-2 - 9)) + (1 - 0) + 19?
19
What is -11 - ((8 - (-4 + 12)) + 2)?
-13
Calculate 15 + -6 + -1 + -1 - (-1 + -5).
13
Calculate -3 + (-4 - -13 - 20).
-14
Evaluate (19 - 35) + (31 - 25).
-10
What is 15 + -18 + -13 + 6 + 0 + 0?
-10
What is the value of (-1 - 2) + (-4 - (8 - 11)) + 1?
-3
Calculate 18 - (-4 - (-18 + 4)).
8
Calculate 3 + -2 - (-85 - -82).
4
Evaluate 2 + (-814 - -815 - (-1 - (-3 - -1))).
2
What is the value of 5 - (-6 + -7) - 10?
8
Calculate -4 + (1 - -5) + (-35 - -1) + 11.
-21
What is (-7 - (7 - 12)) + (-2 - (-3 - -9))?
-10
What is the value of -6 + (-1 - (3 + -32)) + -1?
21
Evaluate 7 - -7 - -2 - 11.
5
What is -28 - (-14 + -13 - (-5 - 8))?
-14
What is -1 - -15 - (-5 + (21 - (7 + 5)))?
10
What is 64 - (105 - 24) - (-31 - -1)?
13
(6 + 1 - -1) + (1 - (0 + -2))
11
Calculate 22 - (-12 - -37 - 6).
3
-6 - ((-17 + 0 - -1) + -18)
28
(17 - (2 + 2 + -2)) + -3
12
Calculate (1 - 8) + -30 + 38 + 22.
23
Evaluate -46 - (-67 + 27) - -19.
13
What is the value of 0 - (-2 + -5 - (14 + -4))?
17
What is the value of 0 + (4 + 0 - (11 + 1))?
-8
What is the value of (12 - 18 - (1 + 6)) + 8?
-5
Evaluate 12 - (15 + -34 - -13 - 15).
33
What is the value of 1 - (1 + -3) - (38 + -2 + -13)?
-20
Evaluate 3 + 1 + (-9 - 14).
-19
(-12 + 1 - -25) + -7 - (21 - 2)
-12
What is the value of (-6 - (-3 + 0)) + (157 - 143)?
11
Evaluate -1 - (46 + -25 - 35).
13
Evaluate (-2 - (16 + -10)) + (10 - 6).
-4
What is 14 + -11 + (2 - 25) - -11?
-9
4 - (1 - (-8 - (-6 + -9)))
10
Calculate 5 + -5 + 50 + -75.
-25
9 + (-15 - (-23 + 4))
13
What is the value of 19 - (1 - (1 - 8))?
11
22 + (7 - 21 - -8)
16
(352 - 360) + (40 - -2)
34
Calculate 2 - (23 - 5 - -10) - (-1 - 1).
-24
167 + -159 + -16 + -1
-9
Calculate 6 + -8 + 7 + -12 - -5.
-2
What is 5 - (23 - (-16 - (-39 + 8)))?
-3
Calculate -6 + 4 + -1 + -2 + -1 + -23.
-29
-14 - (14 + -11 - 19)
2
Evaluate 1 + (1 - (-2 + 8 + 4 + -3)).
-5
What is the value of -19 + 2 + 24 + -20 + 5?
-8
Calculate -8 - (-2 - -12 - 7).
-11
What is the value of 8 + -1 - (-24 - -25) - -5?
11
What is ((1 - -10) + 1 - -1) + 1 + -4?
10
What is -1 - 13 - (60 + -82)?
8
What is -23 - (17 + 2 - 30)?
-12
Calculate -13 - (-2 + 8 + -7 + 1).
-13
What is (1 + 1 - -9) + (17 - (2 + 19))?
7
Calculate -16 - (57 - (28 + 13)).
-32
What is the value of -4 + -11 + 63 + -43 - (4 + 0)?
1
-25 + -3 + -6 - -40
6
-12 - (-22 - (-19 + (17 - 11)))
-3
Calculate -12 - (-17 - -22 - 0).
-17
What is (0 - -8) + (-38 - -8) + 25?
3
1 - (10 + -1 + (-5 - (-14 + 6)))
-11
Calculate (14 - -1) + (20 - 4 - 24).
7
Evaluate -1 + 23 + -6 + -11 + 3.
8
What is -4 - (68 + -72 + 1 + -10)?
9
What is 12 + -17 + -14 - ((-8 - -6) + 8)?
-25
Calculate (7 - 2) + (8 - -12 - 8) + -6.
11
Evaluate 8 + (1 + 13 - 8 - (0 - -4)).
10
What is (1 - -4) + (42 - (48 + 12))?
-13
What is 0 + -4 + (24 + -28 - -5)?
-3
192 + -172 + (-7 - 0) - (0 + -3)
16
Evaluate -5 + 12 - ((12 - 32) + 22).
5
What is the value of 2 - (-8 + 6 + 4)?
0
What is the value of -3 + (3 + 0 - 5) + -2 + 0?
-7
Calculate 3 - -10 - -3 - (13 + -6 + -2).
11
What is -13 - -1 - (15 + (-25 - (9 - 21)))?
-14
Evaluate 22 + -2 - 11 - 18.
-9
(6 - (6 - 3) - -6) + -4
5
What is (-15 + 10 + -3 - 14) + 16?
-6
What is -6 + (21 - -1 - (3 - 8))?
21
Evaluate (0 + 2 - -13) + -10.
5
Calculate -20 - (8 + -19 - -6) - (1 + -3).
-13
Evaluate 228 + -191 - (39 - 0).
-2
(-6 + (5 - -6) - 0) + -4
1
What is 13 + -13 + -3 - (4 + -1 + 2)?
-8
What is 4 - (-14 + 5 + 19)?
-6
What is 5 + -3 + -6 - (5 + -19 + 8)?
2
Calculate (14 - 20) + -17 - -13.
-10
What is -19 + -3 + -11 + 22 + -7?
-18
Calculate -73 + 62 - (-1 + -8) - -10.
8
-5 - ((27 - 7) + -25)
0
What is (13 - 3 - (2 - 5)) + -1?
12
What is the value of 3 + -18 + 22 + -6?
1
What is the value of -27 - (14 + -31) - 5?
-15
-80 + 70 + 3 + 9
2
What is -10 - (8 + -13 + -30 + (-13 - -18))?
20
Evaluate (-8 - -11) + -25 + 7 + -3 + -2.
-20
Calculate -4 + 0 + 30 + -21 + -6.
-1
(-3 - 6) + -1 + 8 + -4 + -15
-21
Calculate (-1 - (10 + -3)) + (5 - 9).
-12
Calculate 32 + -24 - (3 - -6 - -19).
-20
(1 + 0 + -1 - (6 - 11)) + -2
3
-7 + (-10 - (16 + -9 - 12))
-12
(3 + 4 - 29) + 5 + 1
-16
45 - (8 + 38 + -21)
20
What is 11 + (1 - 0) + (221 - 221)?
12
Evaluate 2 + (8 - 5) - ((8 - 11) + 11).
-3
(0 - 7) + (15 - -2) + 1
11
What is the value of 0 - -5 - (-2 + 32 - 26)?
1
Calculate (-4 - (-10 + 2)) + -1 + -19.
-16
What is (2 - -56) + -73 - (8 + 1)?
-24
(0 + 0 + 4 - (-8 - -12)) + 7
7
12 - (2 - 1) - (14 - (7 - 3))
1
What is the value of 9 + (-16 - (-53 + 24))?
22
(-5 - -24 - -3) + (-4 + 5 - 7)
16
Calc